508499 composite?
False
Is 918131 composite?
False
Is 17070166 a prime number?
False
Is 165690607 prime?
True
Is 7502753 prime?
True
Is 4753537 a composite number?
False
Is 941057467 composite?
True
Is 3927023 a composite number?
True
Is 12682661 prime?
False
Is 57406709 a composite number?
False
Is 30581 a prime number?
False
Is 252906917 prime?
True
Is 298672981 prime?
True
Is 566884679 a composite number?
False
Is 13398137 a prime number?
False
Is 17585747 prime?
True
Is 1693729 composite?
False
Is 195682079 composite?
True
Is 36853259 a composite number?
True
Is 86807479 prime?
False
Is 1549451 a composite number?
True
Is 70479373 composite?
True
Is 13414827 composite?
True
Is 32775421 composite?
True
Is 910849 a composite number?
False
Is 633184793 composite?
True
Is 387890093 composite?
True
Is 417497 a prime number?
False
Is 44737171 a composite number?
True
Is 20282437 a composite number?
True
Is 221773 prime?
True
Is 66487123 a prime number?
True
Is 17619263 a prime number?
False
Is 36185011 a prime number?
False
Is 1769695 a prime number?
False
Is 467587 composite?
False
Is 9902913 prime?
False
Is 53171801 prime?
False
Is 2682803 a composite number?
False
Is 102302841 a composite number?
True
Is 16777091 composite?
True
Is 584905901 a prime number?
False
Is 112415663 a composite number?
False
Is 14653 prime?
True
Is 2281933 a composite number?
True
Is 40473571 a composite number?
False
Is 55477343 a composite number?
True
Is 2796467 prime?
True
Is 219233974 prime?
False
Is 196119929 a composite number?
True
Is 42947 a composite number?
True
Is 4646557 a composite number?
False
Is 104527802 prime?
False
Is 155605591 a prime number?
True
Is 1567585159 composite?
True
Is 26261841 prime?
False
Is 55669333 a composite number?
True
Is 3365077 prime?
True
Is 628381 prime?
False
Is 15393121 a composite number?
False
Is 80789 a composite number?
False
Is 2682886 a prime number?
False
Is 272013361 a prime number?
True
Is 3359413 prime?
True
Is 1595599 composite?
True
Is 1215239 composite?
False
Is 37536091 prime?
True
Is 13107909 composite?
True
Is 7189121 prime?
False
Is 123735397 composite?
False
Is 26527393 composite?
False
Is 51445679 composite?
True
Is 2225203 a composite number?
False
Is 483067 a prime number?
False
Is 22852581 a composite number?
True
Is 637751 a composite number?
False
Is 13972243 a composite number?
False
Is 18166949 a prime number?
False
Is 1152989 a composite number?
False
Is 1492327 composite?
True
Is 3096491 a prime number?
True
Is 39287489 a prime number?
False
Is 131193377 composite?
True
Is 10248023 a prime number?
True
Is 68651393 a prime number?
True
Is 60505541 prime?
True
Is 12982219 a prime number?
False
Is 1984909 a prime number?
False
Is 18235277 composite?
True
Is 471521 a prime number?
True
Is 31284415 prime?
False
Is 7354751 composite?
False
Is 3503663 a composite number?
True
Is 1065457 prime?
False
Is 16695071 a composite number?
True
Is 24573851 a prime number?
False
Is 30035989 composite?
True
Is 66240159 a prime number?
False
Is 48943 composite?
True
Is 3343693 composite?
False
Is 6267719 a prime number?
True
Is 1428243 a composite number?
True
Is 5144411 a composite number?
False
Is 1466471 prime?
False
Is 4137347 prime?
True
Is 20962553 a prime number?
False
Is 23055731 composite?
False
Is 1918219 a composite number?
False
Is 9379199 composite?
False
Is 11018377 a composite number?
False
Is 4712023 composite?
True
Is 2564813 prime?
True
Is 1687813 a prime number?
False
Is 613431563 composite?
True
Is 130654663 prime?
True
Is 105726163 a prime number?
True
Is 14905517 prime?
False
Is 547631657 a prime number?
True
Is 15414143 a composite number?
False
Is 72425477 a prime number?
True
Is 128851761 prime?
False
Is 12482881 a composite number?
False
Is 16468129 a composite number?
False
Is 935863 a composite number?
True
Is 1440079 composite?
False
Is 88448221 a composite number?
False
Is 89397127 a composite number?
False
Is 879322 composite?
True
Is 31812923 a prime number?
True
Is 30436169 composite?
False
Is 1919849 composite?
True
Is 47118935 a prime number?
False
Is 160258139 prime?
True
Is 57991013 a prime number?
True
Is 309156833 a prime number?
True
Is 22678871 a composite number?
False
Is 21271039 prime?
True
Is 2396419 a composite number?
False
Is 225298939 a prime number?
False
Is 24529433 a prime number?
True
Is 6437 a composite number?
True
Is 29695703 prime?
False
Is 27432253 composite?
False
Is 34889983 composite?
False
Is 140312281 composite?
False
Is 164730563 prime?
False
Is 25056313 prime?
True
Is 70689589 composite?
False
Is 1595483 prime?
True
Is 19045601 a composite number?
False
Is 45296897 prime?
True
Is 2521499 a prime number?
True
Is 46606803 a composite number?
True
Is 22621891 prime?
True
Is 1661757 prime?
False
Is 2876567 a composite number?
False
Is 1718909 a prime number?
False
Is 347361247 prime?
True
Is 47324219 a composite number?
False
Is 653309 composite?
True
Is 18403559 a composite number?
False
Is 44608957 a prime number?
False
Is 273380377 prime?
False
Is 2880991 prime?
True
Is 8493707 prime?
True
Is 5840851 prime?
True
Is 77430469 composite?
False
Is 143404489 prime?
False
Is 2977151 a prime number?
True
Is 5748977 prime?
False
Is 2312731 composite?
True
Is 35564329 composite?
False
Is 368027059 composite?
True
Is 5260523 a prime number?
False
Is 1692511 prime?
True
Is 174312979 a composite number?
False
Is 12883855 a composite number?
True
Is 4998823 prime?
True
Is 755151521 a prime number?
True
Is 11659877 a prime number?
False
Is 1809751 a prime number?
True
Is 10284551 prime?
True
Is 61944703 composite?
False
Is 7250111 a prime number?
False
Is 4839347 a composite number?
False
Is 8102657 composite?
False
Is 33261719 a prime number?
True
Is 6048367 a prime number?
False
Is 356989 composite?
False
Is 21922793 composite?
True
Is 318124607 prime?
True
Is 190136597 composite?
True
Is 23038189 composite?
False
Is 88485253 composite?
True
Is 129691013 composite?
True
Is 71171339 prime?
True
Is 35720989 a prime number?
False
Is 21482333 composite?
True
Is 7319231 a prime number?
False
Is 127627229 a prime number?
True
Is 750116281 a prime number?
False
Is 18237631 composite?
False
Is 3443591 a composite number?
False
Is 21355177 a prime number?
False
Is 7165777 prime?
True
Is 115127873 a composite number?
True
Is 10257347 prime?
True
Is 83517097 prime?
False
Is 284970937 prime?
True
Is 1128371 a prime number?
True
Is 27176761 composite?
True
Is 93510349 a composite number?
False
Is 46803 composite?
True
Is 80539058 prime?
False
Is 75645523 composite?
False
Is 1193021 a prime number?
True
Is 1354181 prime?
True
Is 444193067 composite?
False
Is 9025178 a composite number?
True
Is 268279799 a composite number?
True
Is 21654599 a composite number?
False
Is 24846641 a prime number?
True
Is 28853857 prime?
True
Is 2022349 composite?
True
Is 54725249 prime?
False
Is 88252673 a prime number?
True
Is 2753539 a composite number?
True
Is 19636271 prime?
False
Is 21010127 a composite number?
False
Is 1035789 prime?
False
Is 18114107 composite?
True
Is 9165599 prime?
True
Is 3343957 composite?
False
Is 15800315 composite?
True
Is 1688526089 prime?
False
Is 358026731 a composite number?
True
Is 24381937 composite?
False
Is 16484669 a prime number?
False
Is 28504111 prime?
True
Is 4310533 prime?
True
Is 3566293 a prime number?
True
Is 1327661 a composite number?
True
Is 86657757 prime?
False
Is 25172053 composite?
True
Is 2909021 prime?
False
Is 7705387 a composite number?
True
Is 26018417 composite?
False
Is 88368451 a composite number?
True
Is 1476583 a composite number?
True
Is 59045477 prime?
False
Is 264982 a prime number?
False
Is 49583867 composite?
False
Is 67365931 a prime number?
False
Is 133212271 a composite number?
False
Is 9318313 a prime number?
True
Is 41555677 composite?
False
Is 5421511 composite?
False
Is 461509 a composite number?
True
Is 8282887 a prime number?
True
Is 23069873 prime?
False
Is 78453439 a composite number?
True
Is 433423 a composite number?
True
Is 5785417 a prime number?
False
Is 4446379 a composite number?
True
Is 3591307 a composite number?
True
Is 8782003 a prime number?
False
Is 3525151 prime?
False
Is 3729997 composite?
False
